[INFO] fetching crate directwrite 0.3.0-alpha4...
[INFO] checking directwrite-0.3.0-alpha4 against try#72f88fc4e9458f89516a0b8b0868f3718aec5b47 for pr-74989
[INFO] extracting crate directwrite 0.3.0-alpha4 into /workspace/builds/worker-4/source
[INFO] validating manifest of crates.io crate directwrite 0.3.0-alpha4 on toolchain 72f88fc4e9458f89516a0b8b0868f3718aec5b47
[INFO] running `Command { std: "/workspace/cargo-home/bin/cargo" "+72f88fc4e9458f89516a0b8b0868f3718aec5b47" "read-manifest" "--manifest-path" "Cargo.toml", kill_on_drop: false }`
[INFO] started tweaking crates.io crate directwrite 0.3.0-alpha4
[INFO] finished tweaking crates.io crate directwrite 0.3.0-alpha4
[INFO] tweaked toml for crates.io crate directwrite 0.3.0-alpha4 written to /workspace/builds/worker-4/source/Cargo.toml
[INFO] running `Command { std: "/workspace/cargo-home/bin/cargo" "+72f88fc4e9458f89516a0b8b0868f3718aec5b47" "generate-lockfile" "--manifest-path" "Cargo.toml" "-Zno-index-update", kill_on_drop: false }`
[INFO] running `Command { std: "/workspace/cargo-home/bin/cargo" "+72f88fc4e9458f89516a0b8b0868f3718aec5b47" "fetch" "--locked" "--manifest-path" "Cargo.toml", kill_on_drop: false }`
[INFO] [stderr]  Downloading crates ...
[INFO] [stderr]   Downloaded unicode-xid v0.1.0
[INFO] [stderr]   Downloaded wio v0.2.2
[INFO] [stderr]   Downloaded com-wrapper v0.1.0
[INFO] [stderr]   Downloaded derive-com-wrapper v0.1.0
[INFO] [stderr]   Downloaded derive-com-impl v0.1.1
[INFO] [stderr]   Downloaded proc-macro2 v0.4.30
[INFO] [stderr]   Downloaded auto-enum v0.2.0-alpha1
[INFO] [stderr]   Downloaded checked-enum v0.1.1-alpha1
[INFO] [stderr]   Downloaded syn v0.15.44
[INFO] [stderr]   Downloaded memmap v0.7.0
[INFO] [stderr]   Downloaded com-impl v0.1.1
[INFO] [stderr]   Downloaded dcommon v0.3.0-alpha1
[INFO] [stderr]   Downloaded quote v0.6.13
[INFO] [stderr]   Downloaded math2d v0.2.0-alpha8
[INFO] running `Command { std: "docker" "create" "-v" "/var/lib/crater-agent-workspace/builds/worker-4/target:/opt/rustwide/target:rw,Z" "-v" "/var/lib/crater-agent-workspace/builds/worker-4/source:/opt/rustwide/workdir:ro,Z" "-v" "/var/lib/crater-agent-workspace/cargo-home:/opt/rustwide/cargo-home:ro,Z" "-v" "/var/lib/crater-agent-workspace/rustup-home:/opt/rustwide/rustup-home:ro,Z" "-e" "SOURCE_DIR=/opt/rustwide/workdir" "-e" "CARGO_TARGET_DIR=/opt/rustwide/target" "-e" "CARGO_HOME=/opt/rustwide/cargo-home" "-e" "RUSTUP_HOME=/opt/rustwide/rustup-home" "-w" "/opt/rustwide/workdir" "-m" "1610612736" "--user" "0:0" "--network" "none" "rustops/crates-build-env@sha256:d92eaeed33fa75130ca1ee6c8a01d1ffb62bac859dfdfb3450e3e5d1c0146529" "/opt/rustwide/cargo-home/bin/cargo" "+72f88fc4e9458f89516a0b8b0868f3718aec5b47" "metadata" "--no-deps" "--format-version=1", kill_on_drop: false }`
[INFO] [stderr] WARNING: Your kernel does not support swap limit capabilities or the cgroup is not mounted. Memory limited without swap.
[INFO] [stdout] 1bb3ddb96f4b2baba3508bcddd749a210475771fe5ae47b082a01f6a5262d0fb
[INFO] running `Command { std: "docker" "start" "-a" "1bb3ddb96f4b2baba3508bcddd749a210475771fe5ae47b082a01f6a5262d0fb", kill_on_drop: false }`
[INFO] running `Command { std: "docker" "inspect" "1bb3ddb96f4b2baba3508bcddd749a210475771fe5ae47b082a01f6a5262d0fb", kill_on_drop: false }`
[INFO] running `Command { std: "docker" "rm" "-f" "1bb3ddb96f4b2baba3508bcddd749a210475771fe5ae47b082a01f6a5262d0fb", kill_on_drop: false }`
[INFO] [stdout] 1bb3ddb96f4b2baba3508bcddd749a210475771fe5ae47b082a01f6a5262d0fb
[INFO] running `Command { std: "docker" "create" "-v" "/var/lib/crater-agent-workspace/builds/worker-4/target:/opt/rustwide/target:rw,Z" "-v" "/var/lib/crater-agent-workspace/builds/worker-4/source:/opt/rustwide/workdir:ro,Z" "-v" "/var/lib/crater-agent-workspace/cargo-home:/opt/rustwide/cargo-home:ro,Z" "-v" "/var/lib/crater-agent-workspace/rustup-home:/opt/rustwide/rustup-home:ro,Z" "-e" "SOURCE_DIR=/opt/rustwide/workdir" "-e" "CARGO_TARGET_DIR=/opt/rustwide/target" "-e" "CARGO_INCREMENTAL=0" "-e" "RUST_BACKTRACE=full" "-e" "RUSTFLAGS=--cap-lints=forbid" "-e" "CARGO_HOME=/opt/rustwide/cargo-home" "-e" "RUSTUP_HOME=/opt/rustwide/rustup-home" "-w" "/opt/rustwide/workdir" "-m" "1610612736" "--user" "0:0" "--network" "none" "rustops/crates-build-env@sha256:d92eaeed33fa75130ca1ee6c8a01d1ffb62bac859dfdfb3450e3e5d1c0146529" "/opt/rustwide/cargo-home/bin/cargo" "+72f88fc4e9458f89516a0b8b0868f3718aec5b47" "check" "--frozen" "--all" "--all-targets" "--message-format=json", kill_on_drop: false }`
[INFO] [stdout] 76710b2725bf6afcd1d94541f926dd67aee6df36aa98bd882d3853119cbe4046
[INFO] [stderr] WARNING: Your kernel does not support swap limit capabilities or the cgroup is not mounted. Memory limited without swap.
[INFO] running `Command { std: "docker" "start" "-a" "76710b2725bf6afcd1d94541f926dd67aee6df36aa98bd882d3853119cbe4046", kill_on_drop: false }`
[INFO] [stderr]     Checking directwrite v0.3.0-alpha4 (/opt/rustwide/workdir)
[INFO] [stdout] error[E0432]: unresolved imports `directwrite::Factory`, `directwrite::TextFormat`, `directwrite::TextLayout`
[INFO] [stdout]  --> examples/emoji_clusters.rs:3:19
[INFO] [stdout]   |
[INFO] [stdout] 3 | use directwrite::{Factory, TextFormat, TextLayout};
[INFO] [stdout]   |                   ^^^^^^^  ^^^^^^^^^^  ^^^^^^^^^^ no `TextLayout` in the root
[INFO] [stdout]   |                   |        |
[INFO] [stdout]   |                   |        no `TextFormat` in the root
[INFO] [stdout]   |                   no `Factory` in the root
[INFO] [stdout] 
[INFO] [stdout] 
[INFO] [stdout] error[E0432]: unresolved import `directwrite::enums`
[INFO] [stdout]  --> examples/print_face_names.rs:3:18
[INFO] [stdout]   |
[INFO] [stdout] 3 | use directwrite::enums::{FontStretch, FontStyle, FontWeight, InformationalStringId};
[INFO] [stdout]   |                  ^^^^^ could not find `enums` in `directwrite`
[INFO] [stdout] 
[INFO] [stdout] 
[INFO] [stdout] error[E0432]: unresolved import `directwrite::font_collection`
[INFO] [stdout]  --> examples/print_face_names.rs:4:18
[INFO] [stdout]   |
[INFO] [stdout] 4 | use directwrite::font_collection::FontCollection;
[INFO] [stdout]   |                  ^^^^^^^^^^^^^^^ could not find `font_collection` in `directwrite`
[INFO] [stdout] 
[INFO] [stdout] 
[INFO] [stdout] error[E0432]: unresolved import `directwrite::Factory`
[INFO] [stdout]  --> examples/print_face_names.rs:5:5
[INFO] [stdout]   |
[INFO] [stdout] 5 | use directwrite::Factory;
[INFO] [stdout]   |     ^^^^^^^^^^^^^^^^^^^^ no `Factory` in the root
[INFO] [stdout] 
[INFO] [stdout] 
[INFO] [stdout] error: aborting due to 3 previous errors
[INFO] [stdout] 
[INFO] [stdout] 
[INFO] [stdout] For more information about this error, try `rustc --explain E0432`.
[INFO] [stdout] 
[INFO] [stderr] error: could not compile `directwrite`.
[INFO] [stderr] 
[INFO] [stderr] To learn more, run the command again with --verbose.
[INFO] [stderr] warning: build failed, waiting for other jobs to finish...
[INFO] [stdout] error: aborting due to previous error
[INFO] [stdout] 
[INFO] [stdout] 
[INFO] [stdout] For more information about this error, try `rustc --explain E0432`.
[INFO] [stdout] 
[INFO] [stdout] error[E0463]: can't find crate for `winapi`
[INFO] [stdout]  --> tests/custom_loader.rs:2:1
[INFO] [stdout]   |
[INFO] [stdout] 2 | extern crate winapi;
[INFO] [stdout]   | ^^^^^^^^^^^^^^^^^^^^ can't find crate
[INFO] [stdout] 
[INFO] [stdout] 
[INFO] [stdout] error[E0432]: unresolved import `directwrite::enums`
[INFO] [stdout]  --> tests/basic_tests.rs:3:18
[INFO] [stdout]   |
[INFO] [stdout] 3 | use directwrite::enums::*;
[INFO] [stdout]   |                  ^^^^^ could not find `enums` in `directwrite`
[INFO] [stdout] 
[INFO] [stdout] 
[INFO] [stdout] error[E0432]: unresolved import `directwrite::font_collection`
[INFO] [stdout]  --> tests/basic_tests.rs:4:18
[INFO] [stdout]   |
[INFO] [stdout] 4 | use directwrite::font_collection::FontCollection;
[INFO] [stdout]   |                  ^^^^^^^^^^^^^^^ could not find `font_collection` in `directwrite`
[INFO] [stdout] 
[INFO] [stdout] 
[INFO] [stdout] error[E0432]: unresolved import `directwrite::font_face`
[INFO] [stdout]  --> tests/basic_tests.rs:5:18
[INFO] [stdout]   |
[INFO] [stdout] 5 | use directwrite::font_face::FontFace;
[INFO] [stdout]   |                  ^^^^^^^^^ could not find `font_face` in `directwrite`
[INFO] [stdout] 
[INFO] [stdout] 
[INFO] [stdout] error[E0432]: unresolved import `directwrite::font_file`
[INFO] [stdout]  --> tests/basic_tests.rs:6:18
[INFO] [stdout]   |
[INFO] [stdout] 6 | use directwrite::font_file::FontFile;
[INFO] [stdout]   |                  ^^^^^^^^^ could not find `font_file` in `directwrite`
[INFO] [stdout] 
[INFO] [stdout] 
[INFO] [stdout] error[E0432]: unresolved imports `directwrite::Factory`, `directwrite::TextFormat`, `directwrite::TextLayout`
[INFO] [stdout]  --> tests/basic_tests.rs:7:19
[INFO] [stdout]   |
[INFO] [stdout] 7 | use directwrite::{Factory, TextFormat, TextLayout};
[INFO] [stdout]   |                   ^^^^^^^  ^^^^^^^^^^  ^^^^^^^^^^ no `TextLayout` in the root
[INFO] [stdout]   |                   |        |
[INFO] [stdout]   |                   |        no `TextFormat` in the root
[INFO] [stdout]   |                   no `Factory` in the root
[INFO] [stdout] 
[INFO] [stdout] 
[INFO] [stdout] error[E0433]: failed to resolve: use of undeclared type or module `FontFaceType`
[INFO] [stdout]    --> tests/basic_tests.rs:111:30
[INFO] [stdout]     |
[INFO] [stdout] 111 |         .with_font_face_type(FontFaceType::TrueType)
[INFO] [stdout]     |                              ^^^^^^^^^^^^ use of undeclared type or module `FontFaceType`
[INFO] [stdout] 
[INFO] [stdout] 
[INFO] [stdout] error[E0433]: failed to resolve: use of undeclared type or module `FontSimulations`
[INFO] [stdout]    --> tests/basic_tests.rs:113:42
[INFO] [stdout]     |
[INFO] [stdout] 113 |         .with_font_face_simulation_flags(FontSimulations::NONE)
[INFO] [stdout]     |                                          ^^^^^^^^^^^^^^^ use of undeclared type or module `FontSimulations`
[INFO] [stdout] 
[INFO] [stdout] 
[INFO] [stdout] error: aborting due to previous error
[INFO] [stdout] 
[INFO] [stdout] 
[INFO] [stdout] For more information about this error, try `rustc --explain E0463`.
[INFO] [stdout] 
[INFO] [stderr] error: build failed
[INFO] [stdout] error: aborting due to 7 previous errors
[INFO] [stdout] 
[INFO] [stdout] 
[INFO] [stdout] Some errors have detailed explanations: E0432, E0433.
[INFO] [stdout] 
[INFO] [stdout] For more information about an error, try `rustc --explain E0432`.
[INFO] [stdout] 
[INFO] running `Command { std: "docker" "inspect" "76710b2725bf6afcd1d94541f926dd67aee6df36aa98bd882d3853119cbe4046", kill_on_drop: false }`
[INFO] running `Command { std: "docker" "rm" "-f" "76710b2725bf6afcd1d94541f926dd67aee6df36aa98bd882d3853119cbe4046", kill_on_drop: false }`
[INFO] [stdout] 76710b2725bf6afcd1d94541f926dd67aee6df36aa98bd882d3853119cbe4046
